 and 830502.
2146
Calculate the greatest common factor of 1750 and 2221625.
875
Calculate the greatest common factor of 511406 and 42.
14
Calculate the greatest common factor of 122115446 and 7554.
2518
Calculate the greatest common factor of 20445 and 14265.
15
What is the greatest common divisor of 1065257 and 82186?
3161
Calculate the greatest common factor of 516 and 111660594.
258
Calculate the greatest common divisor of 6006 and 99652.
14
What is the highest common divisor of 509103 and 8757?
63
Calculate the highest common factor of 2380 and 482664.
476
Calculate the highest common factor of 9098 and 73589173.
4549
What is the greatest common factor of 696 and 66618?
6
What is the greatest common divisor of 32475 and 915825?
75
What is the highest common factor of 259 and 105214421?
37
What is the highest common factor of 135 and 2023839?
27
Calculate the greatest common factor of 27909 and 30933.
63
Calculate the greatest common divisor of 21643 and 39859.
23
What is the greatest common divisor of 26 and 437874242?
26
Calculate the greatest common factor of 111 and 5190002913.
111
What is the highest common factor of 160857757 and 17?
17
Calculate the highest common divisor of 56 and 11617466.
14
What is the greatest common divisor of 159481 and 3304?
7
Calculate the greatest common divisor of 673755397 and 1652.
413
What is the greatest common divisor of 113875 and 1525?
25
What is the greatest common divisor of 62150739 and 105?
21
Calculate the highest common factor of 9749116 and 3666.
1222
Calculate the highest common factor of 1305800 and 4300.
100
Calculate the highest common factor of 206699282 and 1214.
1214
Calculate the highest common factor of 2142435 and 130480.
1165
Calculate the greatest common factor of 202434 and 10554.
6
What is the greatest common divisor of 30 and 39872766?
6
What is the greatest common factor of 1497276 and 9154?
398
Calculate the highest common factor of 11298 and 97475378.
3766
Calculate the greatest common factor of 2813904096 and 96.
96
Calculate the highest common divisor of 6469722 and 31794.
42
What is the highest common factor of 13899439 and 899?
899
What is the greatest common divisor of 70796572 and 1232?
308
Calculate the greatest common factor of 23370 and 1409580.
1230
What is the highest common divisor of 1034 and 9493154?
1034
What is the highest common factor of 18013272 and 240?
24
What is the greatest common factor of 33 and 52250502?
3
Calculate the highest common factor of 48 and 328870480.
16
What is the greatest common factor of 10925900 and 6800?
1700
What is the greatest common factor of 59936422 and 91?
91
What is the highest common factor of 109680 and 198?
6
What is the greatest common factor of 204808 and 392?
8
Calculate the greatest common divisor of 24936416 and 391.
391
What is the greatest common factor of 20 and 1260800?
20
What is the greatest common factor of 1761730 and 930?
310
Calculate the greatest common divisor of 1276 and 298301047.
319
Calculate the greatest common divisor of 16 and 433437968.
16
Calculate the highest common divisor of 34199 and 3773.
11
Calculate the highest common factor of 33773267 and 5.
1
Calculate the greatest common divisor of 418140965 and 6490.
3245
Calculate the highest common factor of 27657 and 3386628.
63
Calculate the greatest common factor of 522039 and 68124.
21
What is the highest common divisor of 931462 and 186?
2
What is the highest common factor of 654306 and 534?
6
Calculate the highest common factor of 12355 and 10850.
35
What is the highest common divisor of 3015484 and 344852?
292
Calculate the greatest common factor of 684352 and 154734.
1258
Calculate the greatest common divisor of 2800 and 848140.
20
What is the highest common divisor of 2065 and 3004162?
413
Calculate the highest common divisor of 44426856 and 48.
24
Calculate the greatest common factor of 736272 and 648.
72
What is the highest common factor of 4898270 and 20218?
1838
Calculate the highest common divisor of 2262153 and 74233.
3907
What is the greatest common factor of 73367 and 41407?
47
Calculate the highest common factor of 22660308 and 2574.
198
Calculate the greatest common factor of 26504754 and 1688433.
12147
What is the greatest common divisor of 168 and 10350354?
42
Calculate the greatest common factor of 6365072 and 884.
68
Calculate the highest common factor of 9051 and 505113.
21
What is the highest common divisor of 73710 and 884?
26
Calculate the greatest common factor of 33 and 138205243.
11
Calculate the highest common factor of 25 and 1184803.
1
Calculate the highest common divisor of 69089741 and 7.
7
Calculate the highest common divisor of 12732480 and 2385.
45
Calculate the greatest common factor of 3324 and 61495662.
1662
What is the greatest common factor of 697794 and 243?
3
What is the greatest common factor of 162860096 and 144?
16
Calculate the greatest common divisor of 452454735 and 46161.
15387
Calculate the greatest common factor of 1861372669 and 3497.
3497
What is the greatest common factor of 259 and 7045651?
37
What is the greatest common factor of 87 and 211800021?
87
What is the greatest common divisor of 121418 and 18590?
22
Calculate the greatest common factor of 1956751 and 68714.
799
Calculate the highest common divisor of 11918049 and 297.
33
Calculate the highest common divisor of 8916529 and 3207.
1069
Calculate the greatest common factor of 7202 and 228670.
26
Calculate the greatest common divisor of 228050480 and 240.
80
What is the greatest common divisor of 168 and 400693692?
84
What is the highest common factor of 54945 and 682317?
999
Calculate the greatest common factor of 67 and 547721.
1
Calculate the greatest common factor of 142472 and 737.
11
What is the highest common factor of 12594297 and 51?
51
What is the greatest common factor of 290 and 18790?
10
Calculate the greatest common factor of 578601 and 795.
159
What is the highest common divisor of 1752571 and 12165?
811
What is the greatest common factor of 329357 and 14?
7
What is the highest common divisor of 31690 and 216594812?
6338
Calculate the highest common factor of 75733 and 391313.
31
What is the highest common factor of 66146688 and 108?
36
What is the greatest common divisor of 523825412 and 11?
11
Calculate the highest common divisor of 75544 and 190.
38
Calculate the greatest common divisor of 344 and 214754.
2
Calculate the highest common divisor of 88923520 and 140.
140
Calculate the greatest common divisor of 957463 and 39.
13
Calculate the greatest common factor of 20746880 and 95040.
3520
What is the greatest common factor of 3821 and 42806663?
3821
What is the highest common factor of 6331595 and 465?
155
Calculate the greatest common factor of 1264 and 11435803.
79
Calculate the highest common divisor of 610 and 43825938.
122
What is the highest common factor of 631149 and 1818?
303
What is the highest common divisor of 19604 and 139316?
116
What is the greatest common factor of 1845 and 149414865?
615
Calculate the highest common factor of 2974167 and 9027.
153
Calculate the highest common divisor of 134 and 3410875530.
134
What is the greatest common divisor of 57 and 251065487?
19
Calculate the highest common factor of 1465065 and 3276.
63
Calculate the highest common divisor of 8137 and 321875.
103
What is the greatest common divisor of 37 and 243759959?
37
What is the greatest common factor of 9727476 and 24?
12
What is the highest common factor of 11109 and 95749?
529
Calculate the highest common divisor of 128 and 3432944.
16
What is the highest common factor of 726992 and 17808?
112
Calculate the greatest common divisor of 1356 and 48684.
12
Calculate the highest common divisor of 16786072 and 136.
136
What is the greatest common factor of 136634 and 76744?
106
What is the greatest common factor of 33 and 9497433?
33
Calculate the highest common divisor of 16 and 55794560.
16
What is the highest common divisor of 384 and 2751104?
128
Calculate the greatest common divisor of 4 and 227918.
2
Calculate the greatest common divisor of 338466532 and 17.
17
What is the greatest common factor of 1164140 and 13260?
20
What is the highest common divisor of 1725731 and 116522?
2009
What is the highest common divis